 Let v be 0/(-1 - (0 - 2)). Suppose 3*q + u + 0 = v. Calculate i(q).
1
Let w(b) be the third derivative of b**5/20 - b**3/6 + b**2. Let a(r) = -2*r. Let g be a(-1). What is w(g)?
11
Let w(q) be the second derivative of -q**2 + 0 - 1/6*q**3 + q. Calculate w(5).
-7
Let n(c) be the first derivative of -3/2*c**2 + 0*c + 1 - 2/3*c**3. Calculate n(-3).
-9
Let l(m) be the third derivative of -m**8/20160 - m**7/1008 + m**6/240 + m**5/60 - 4*m**2. Let u(c) be the third derivative of l(c). Give u(-6).
-3
Let u be 8/(-6) + (-15)/(-45). Let k(d) = -10*d - 1. Give k(u).
9
Suppose 0 = 3*g + 2*q - 6*q + 6, 3*g - 2*q + 6 = 0. Let o(i) = i - 8 + 9 + 1. What is o(g)?
0
Let r(h) = 3*h + 15. Let o(u) = 4*u + 14. Let w(c) = -2*o(c) + 3*r(c). Give w(-7).
10
Let a be (1 - (-10)/(-6))*3. Suppose -3*j + 2*t + 10 = 0, 4*t = 2*j + 5*t - 2. Let c(u) = -10 + 2*u**3 + 8 + 2*u**2 - j*u + 0*u**2. Determine c(a).
-6
Let f(u) = u**2 - 3*u - 3. Let r = -12 - -16. Determine f(r).
1
Let w(o) be the second derivative of -2*o**3/3 - o**2/2 + 3*o. Calculate w(1).
-5
Let t(n) = n - 3. Let a(o) = -2*o**3 - 5*o**2 - 5*o - 2. Let z be a(-2). Suppose z*x = s - 21, 19 = -3*x - 3*s + 7. Determine t(x).
-8
Let g(i) = -i**3 + 2. Suppose -4*s + 9*s = 0. Let u = -1 - -1. Let f = u - s. Calculate g(f).
2
Let u(q) = q**2 + 6 + 67*q - 55*q - 15. Calculate u(-13).
4
Let v(b) = -b**2 + 9*b - 2. Let n(x) = -x**2 + 13*x. Let k(a) = a + 1. Let q(w) = 3*k(w) - n(w). Let y(z) = 3*q(z) + 4*v(z). Calculate y(4).
9
Suppose 0 = 2*b - 4*t + 14, 2*t = -2*t + 8. Let f(w) = -5*w - 4. Let g(v) = -5*v - 4. Let i(m) = -4*f(m) + 5*g(m). Give i(b).
11
Let r(g) = 10*g**2 + 3*g - 1. Let j(l) = 19*l**2 + 5*l - 2. Let i(z) = -3*j(z) + 5*r(z). Let a be 2/2 - (-1 - -3). Determine i(a).
-6
Let f(c) be the third derivative of -c**4/24 + c**3 + 5*c**2 - 6. Suppose -4*r = -5*a + 4, 0 = -2*r + 3*r - 4*a + 12. Determine f(r).
2
Let p = -1 - -5. Let j(v) = p + 0 + v**2 - 7*v - 2. Determine j(6).
-4
Let s be (5/3)/((-6)/(-18)). Let w(r) = s*r - r**3 + 3*r**2 - 6*r + 3*r**2. Determine w(6).
-6
Let h be 4 - (0/(-3) - -6). Let y(k) = k**3 + 6*k**2 + 3*k - 3. Let w(r) = 5*r**3 + 25*r**2 + 12*r - 12. Let v(x) = h*w(x) + 9*y(x). Determine v(5).
-13
Let y(f) = -f**2 - 7*f - 7. Suppose 9 = -d + 3. Calculate y(d).
-1
Let u(d) = -d**2 - 6*d + 2. Let x(g) = g**3 + 3*g**2 - g - 6. Let o be x(-3). Calculate u(o).
11
Let p be (-4)/(-10) - -2 - (-4)/(-10). Let y(z) = -z**3 + 2*z**2 + 2*z - 3. What is y(p)?
1
Let b = 2 + 0. Suppose m = -b*m. Let q(l) = 5 + 4 - l + 5 - 19. Determine q(m).
-5
Let y(u) = -5 + 1 - 4*u**2 - 8 + 13. Give y(1).
-3
Let x = -16 + 14. Let t(d) = -d**3 + d**2 + 3*d + 1. Give t(x).
7
Let u be 4/4 + (-3)/3. Let n(o) = o**3 - o**2 - o + 3. Give n(u).
3
Suppose 7 + 8 = 5*z. Let w(n) = 0*n**2 - 3 - 2*n**2 + z*n**2 + 3*n - n. Let k = -3 - 1. Determine w(k).
5
Let c(w) be the third derivative of -w**4/24 + 7*w**3/6 - 6*w**2. What is c(6)?
1
Let a(b) = 20*b - 8. Let r(t) = 14*t - 6. Let c(f) = 7*f - 3. Let l(o) = -5*c(o) + 3*r(o). Let u(q) = -6*a(q) + 17*l(q). Give u(-2).
-1
Let t(h) = -h**3 - 2*h**2 + 4*h - 1. Suppose -2*f = g - f, f = 2*g + 9. What is t(g)?
-4
Let v be (0 - -1)/(2/4). Let p(t) = 3*t - 4*t - 4 + 6 - 1. Calculate p(v).
-1
Suppose -j + 3 = z - 4, 31 = 5*z + 4*j. Suppose b - z*b = 0. Let r(u) = u - 8. Let v(q) = 1. Let l(w) = r(w) + 4*v(w). Calculate l(b).
-4
Let i be 3/(1 - (-8)/(-5)). Let m(d) = 4*d + 4. Determine m(i).
-16
Let a(s) = s**2 + 4*s - 2. Let t be 2 + -3 + 1 + 0. Let z = -4 - t. Determine a(z).
-2
Let k(r) = 5*r**3 + 18*r**2 + 9*r - 18. Let h = 12 - 4. Let d(z) = 2*z**3 + 6*z**2 + 3*z - 6. Let b(q) = h*d(q) - 3*k(q). Calculate b(6).
-12
Let d(h) = -h - 6*h + 7*h**2 + 3*h**3 - 10*h**3 + 8 + 6*h**3. What is d(6)?
2
Let x(s) = -s**2 - 3*s + 7. Suppose 0 = -2*k + 4*k - 8. Suppose 3*o - 2 = -k*v, -5*o - v + 5 = 30. Give x(o).
-11
Suppose -2*h + 3*u = 1, -5*h - 33 = 4*u + 4. Let t = h + 5. Let d(g) = g**3 - g**2 - g + 3. Give d(t).
3
Let f(y) = y - 6. Suppose 0 = -i + 2 - 0. Suppose i*c = -2*c. Determine f(c).
-6
Let x(j) = -j - 3. Let p be x(-5). Let b(s) = 3 + 8*s - s - p. Let g be b(-1). Let n(l) = l**2 + 8*l + 3. Determine n(g).
-9
Let g(k) = -k - 4. Let b(i) = -i**3 - 4*i**2 + 1. Suppose 5*j = 3*l + 2*l, -2*j - 4*l - 24 = 0. Let p be b(j). Suppose 16 = -3*y + p. Determine g(y).
1
Let m(y) = y**3 - y**2 - 1. Let p(n) = -6*n**3 + 10*n**2 - 5*n + 11. Let a(i) = -5*m(i) - p(i). Calculate a(4).
-2
Let m(y) be the second derivative of 1/2*y**2 + 5/6*y**3 + 1/24*y**4 + y + 0. Let d(c) be the first derivative of m(c). Determine d(-4).
1
Let x(u) be the second derivative of u**3/6 - u**2/2 - 14*u. Give x(-2).
-3
Let y(u) = u**2 - u. Suppose -5*r = 15, -t - 3*t - 2*r + 14 = 0. Let p = t + -6. Give y(p).
2
Let k(a) = -7*a + a - 4 + 1 + a**2. Let d be k(6). Let x(l) = 2*l**3 - 1 - 3*l**3 + 5 + 5*l - 2*l**2. Give x(d).
-2
Let j(s) = s - 3. Let o(d) = -d**2 - 6*d + 3. Let c be o(-7). Let p be c/(-10) + 88/(-20). Give j(p).
-7
Let b = -42 + 43. Let t(n) = -n - 1. Give t(b).
-2
Let u(v) = v**3 + 2*v**2 - v + 3. Suppose -2 = 5*p + 13. Calculate u(p).
-3
Let j(g) = 2*g**2 + 2*g + 2. Let x = -3 + 0. Let n be (-10)/x + 4/(-12). Suppose -n*i - 7 = -1. Calculate j(i).
6
Let r be 2/4 + (-1)/(-2). Let a(g) be the second derivative of 0 + 1/2*g**2 - 3*g + 0*g**3 + 1/6*g**4. Calculate a(r).
3
Suppose 0 = 4*i - 5*x - 15, 5*i - 39 = -2*x - 12. Let y(v) = -v**2 + 6*v - i*v**2 + 5*v**2. Let o(q) = -2*q - 1. Let w be o(-3). Determine y(w).
5
Let b(o) be the first derivative of o**3/2 - o**2 - 3*o - 3. Let z(n) be the first derivative of b(n). Give z(2).
4
Let c = -9 + 12. Let n(l) = -l**3 + 2*l**2 - 2*l + 4. What is n(c)?
-11
Let s(k) be the first derivative of -k**2/2 - k + 8. Calculate s(3).
-4
Let b(r) be the third derivative of 0*r + 1/6*r**3 - 5*r**2 + 1/6*r**4 + 0 + 1/60*r**5. Determine b(-5).
6
Suppose -2*b + 0*b = -4. Let u(x) = 2 - 2*x - 103*x**2 + 105*x**2 - 4. Determine u(b).
2
Let f(s) = -s**2 - 9*s - 2. Suppose r + 2*r = -24. Calculate f(r).
6
Let b(o) = -o**2 - 3*o + 2. Let j(t) = 0 + 2*t + 3 - 2. Let k be j(-2). What is b(k)?
2
Let l(y) = y - 3. Let h(d) = d**2 + 1. Let i be h(1). Suppose i + 10 = -4*n. Determine l(n).
-6
Let l(d) = d - 2*d**2 + d**2 - d**2. Let z = -19 + 20. Calculate l(z).
-1
Let q(c) be the second derivative of -c**4/3 + c**3/3 + c**2 + 7*c. Determine q(2).
-10
Let t = 28 - 8. Suppose 0 = -5*h - t, -2*h - 15 = -q + h. Let p(u) = 0 - 4*u + 2*u**q - 1 + 2*u + u**2 + u**2. Determine p(-2).
-5
Let h(b) be the third derivative of b**6/120 - b**5/12 - b**4/8 + b**3 - 7*b**2. Let l be 94/18 + (-6)/27. Give h(l).
-9
Let x(c) = 2*c**2 - 7*c + 4. Let f be x(4). Let r(k) be the first derivative of -1 - f*k + 1/2*k**2. Give r(5).
-3
Let d(t) be the third derivative of -t**6/120 + t**5/10 - t**4/4 - t**3/2 + 2*t**2. Suppose 4*f = -1 + 17. Let y be (f/(-6))/(4/(-30)). Calculate d(y).
-8
Let n(z) be the second derivative of z**4 + z**3/6 + z**2/2 - 22*z + 2. Determine n(-1).
12
Let j(d) be the third derivative of -d**5/60 + 5*d**4/24 - d**3 + 2*d**2. Suppose 3*p + 0 + 24 = 0. Let y be (p/3)/(2/(-3)). Determine j(y).
-2
Let z = -1 - -1. Suppose -2*l = -z*l - 10. Let m(s) = -4 - 5 - 1 + 7 + 2*s. What is m(l)?
7
Let g = -47/2 + 24. Let y(i) be the first derivative of 2*i - i**3 + 1 + g*i**2. Determine y(2).
-8
Let v be 18/(-12) + 9/2. Let f(i) = -i**3 + 5*i**2 + 7*i - 1. Let y be f(6). Let o(g) = -v - 3*g - g**2 - g + y. Give o(-4).
2
Let c(q) be the third derivative of q**6/120 + q**5/20 + q**4/12 - q**3/3 + 5*q**2. Calculate c(-2).
-2
Let o(l) be the third derivative of 3*l**5/40 - l**4/24 + l**3/2 - 3*l**2. Let i(z) be the first derivative of o(z). What is i(1)?
8
Let g(q) be the second derivative of q**5/20 + q**4/6 + q**3/3 + q**2/2 + q. Let l = 0 - 2. Let j = l + 0. Calculate g(j).
-3
Let y(q) be the third derivative of -q**7/2520 + q**6/144 + q**5/30 + q**4/12 + 4*q**2. Let i(b) be the second derivative of y(b). Determine i(6).
-2
Let v(b) = -b**3 + 5*b**2 - 3*b + 2. Let y be v(4). Let f be y*(2 - 15/9). Let x(m) = m**3 - 3*m**2 - m**f - 1 + 3*m**2. Determine x(2).
3
Let h(l) be the second derivative of l**3/6 + l**2 + l. Let g(q) = q + 5. Let u be g(-3). Let x be (u*-4)/(-4) - 2. Calculate h(x).
2
Let l(